{"id":35,"date":"2015-08-06T16:02:51","date_gmt":"2015-08-06T16:02:51","guid":{"rendered":"http:\/\/textbar.de\/?page_id=35"},"modified":"2024-12-07T18:10:26","modified_gmt":"2024-12-07T16:10:26","slug":"hochprozentiges","status":"publish","type":"page","link":"https:\/\/textbar.de\/?page_id=35","title":{"rendered":"Hochprozentiges"},"content":{"rendered":"<p><strong><img loading=\"lazy\" decoding=\"async\" class=\"aligncenter wp-image-174 size-thumbnail\" src=\"https:\/\/textbar.de\/wp-content\/uploads\/2015\/08\/Glas-Campari-37-150x150.png\" alt=\"Glas-Campari-37\" width=\"150\" height=\"150\" srcset=\"https:\/\/textbar.de\/wp-content\/uploads\/2015\/08\/Glas-Campari-37-150x150.png 150w, https:\/\/textbar.de\/wp-content\/uploads\/2015\/08\/Glas-Campari-37-300x300.png 300w, https:\/\/textbar.de\/wp-content\/uploads\/2015\/08\/Glas-Campari-37.png 1000w\" sizes=\"auto, (max-width: 150px) 100vw, 150px\" \/><\/strong><\/p>\n<p><strong>Wir haben \u00fcber 30 Jahre Erfahrung im professionellen Journalismus und wissen wor\u00fcber wir schreiben.<\/strong><\/p>\n<p><strong>Unsere Themenschwerpunkte sind:<br \/>\n_ <\/strong>Wirtschaft + nachhaltiges Wirtschaften<br \/>\n_ Kultur- und Kreativwirtschaft<br \/>\n_ Medien und Digitalisierung<br \/>\n_ Markenkommunikation<br \/>\n_ Tourismuswirtschaft<br \/>\n_ umweltbewusstes Reisen<br \/>\n_ nachhaltige Technologien und Gesch\u00e4ftskonzepte<\/p>\n<p>Nach gr\u00fcndlicher Recherche verarbeiten wir auch komplexe Inhalte zu leicht verst\u00e4ndlichen Beitr\u00e4gen. Unsere Texte d\u00fcrfen unterhalten. Vor allem aber bieten sie der angesprochenen Leserschaft einen hohen Nutzwert.<\/p>\n","protected":false},"excerpt":{"rendered":"<p>Wir haben \u00fcber 30 Jahre Erfahrung im professionellen Journalismus und wissen wor\u00fcber wir schreiben. Unsere Themenschwerpunkte sind: _ Wirtschaft + nachhaltiges Wirtschaften _ Kultur- und Kreativwirtschaft _ Medien und Digitalisierung _ Markenkommunikation _ Tourismuswirtschaft _ umweltbewusstes Reisen _ nachhaltige Technologien und Gesch\u00e4ftskonzepte Nach gr\u00fcndlicher Recherche verarbeiten wir auch komplexe Inhalte zu leicht verst\u00e4ndlichen Beitr\u00e4gen. Unsere &hellip; <a href=\"https:\/\/textbar.de\/?page_id=35\" class=\"more-link\"><span class=\"screen-reader-text\">Hochprozentiges<\/span> weiterlesen<\/a><\/p>\n","protected":false},"author":1,"featured_media":0,"parent":33,"menu_order":1,"comment_status":"closed","ping_status":"closed","template":"","meta":{"footnotes":""},"class_list":["post-35","page","type-page","status-publish","hentry"],"_links":{"self":[{"href":"https:\/\/textbar.de\/index.php?rest_route=\/wp\/v2\/pages\/35","targetHints":{"allow":["GET"]}}],"collection":[{"href":"https:\/\/textbar.de\/index.php?rest_route=\/wp\/v2\/pages"}],"about":[{"href":"https:\/\/textbar.de\/index.php?rest_route=\/wp\/v2\/types\/page"}],"author":[{"embeddable":true,"href":"https:\/\/textbar.de\/index.php?rest_route=\/wp\/v2\/users\/1"}],"replies":[{"embeddable":true,"href":"https:\/\/textbar.de\/index.php?rest_route=%2Fwp%2Fv2%2Fcomments&post=35"}],"version-history":[{"count":4,"href":"https:\/\/textbar.de\/index.php?rest_route=\/wp\/v2\/pages\/35\/revisions"}],"predecessor-version":[{"id":467,"href":"https:\/\/textbar.de\/index.php?rest_route=\/wp\/v2\/pages\/35\/revisions\/467"}],"up":[{"embeddable":true,"href":"https:\/\/textbar.de\/index.php?rest_route=\/wp\/v2\/pages\/33"}],"wp:attachment":[{"href":"https:\/\/textbar.de\/index.php?rest_route=%2Fwp%2Fv2%2Fmedia&parent=35"}],"curies":[{"name":"wp","href":"https:\/\/api.w.org\/{rel}","templated":true}]}}