{"id":2,"date":"2015-08-04T12:26:51","date_gmt":"2015-08-04T12:26:51","guid":{"rendered":"http:\/\/wp424m.a10-52-158-154.qa.plesk.ru\/wordpress\/?page_id=2"},"modified":"2024-12-07T18:08:50","modified_gmt":"2024-12-07T16:08:50","slug":"sample-page","status":"publish","type":"page","link":"https:\/\/textbar.de\/","title":{"rendered":"textbar"},"content":{"rendered":"<p><img loading=\"lazy\" decoding=\"async\" class=\"aligncenter wp-image-164 size-thumbnail\" src=\"https:\/\/textbar.de\/wp-content\/uploads\/2015\/08\/textbar-Logo-rot-rund-150x150.png\" alt=\"textbar-Logo+rot+rund\" width=\"150\" height=\"150\" srcset=\"https:\/\/textbar.de\/wp-content\/uploads\/2015\/08\/textbar-Logo-rot-rund-150x150.png 150w, https:\/\/textbar.de\/wp-content\/uploads\/2015\/08\/textbar-Logo-rot-rund-300x300.png 300w, https:\/\/textbar.de\/wp-content\/uploads\/2015\/08\/textbar-Logo-rot-rund.png 1000w\" sizes=\"auto, (max-width: 150px) 100vw, 150px\" \/><\/p>\n<p><strong>Die textbar ist ein Redaktionsb\u00fcro in der Dreil\u00e4nderregion Bodensee. <\/strong>Wir entwickeln redaktionelle Konzepte und schreiben journalistische Beitr\u00e4ge f\u00fcr Medienh\u00e4user, Agenturen, Unternehmen und Wissenschaft \u2013 seit \u00fcber 30 Jahren.<\/p>\n<p><strong>Unser Lesestoff erscheint gedruckt und digital.<\/strong> Werfen Sie einen Blick in unsere &gt; <a href=\"https:\/\/textbar.de\/?page_id=33\">Karte<\/a> oder bl\u00e4ttern Sie in den Publikationen an unserem &gt; <a href=\"https:\/\/textbar.de\/?page_id=37\">Zeitungsst\u00e4nder<\/a>.<\/p>\n<p><strong>Wir wissen wor\u00fcber wir schreiben. <\/strong>Unsere Themenschwerpunkte sind Wirtschaft, Kultur- und Kreativwirtschaft, Medien und Digitalisierung, Markenkommunikation, Tourismuswirtschaft und umweltbewusstes Reisen, nachhaltige Technologien und Gesch\u00e4ftskonzepte (mehr unter &gt; <a href=\"https:\/\/textbar.de\/?page_id=35\">Hochprozentiges<\/a>).<\/p>\n","protected":false},"excerpt":{"rendered":"<p>Die textbar ist ein Redaktionsb\u00fcro in der Dreil\u00e4nderregion Bodensee. Wir entwickeln redaktionelle Konzepte und schreiben journalistische Beitr\u00e4ge f\u00fcr Medienh\u00e4user, Agenturen, Unternehmen und Wissenschaft \u2013 seit \u00fcber 30 Jahren. Unser Lesestoff erscheint gedruckt und digital. Werfen Sie einen Blick in unsere &gt; Karte oder bl\u00e4ttern Sie in den Publikationen an unserem &gt; Zeitungsst\u00e4nder. Wir wissen wor\u00fcber &hellip; <a href=\"https:\/\/textbar.de\/\" class=\"more-link\"><span class=\"screen-reader-text\">textbar<\/span> weiterlesen<\/a><\/p>\n","protected":false},"author":1,"featured_media":0,"parent":0,"menu_order":1,"comment_status":"closed","ping_status":"closed","template":"","meta":{"footnotes":""},"class_list":["post-2","page","type-page","status-publish","hentry"],"_links":{"self":[{"href":"https:\/\/textbar.de\/index.php?rest_route=\/wp\/v2\/pages\/2","targetHints":{"allow":["GET"]}}],"collection":[{"href":"https:\/\/textbar.de\/index.php?rest_route=\/wp\/v2\/pages"}],"about":[{"href":"https:\/\/textbar.de\/index.php?rest_route=\/wp\/v2\/types\/page"}],"author":[{"embeddable":true,"href":"https:\/\/textbar.de\/index.php?rest_route=\/wp\/v2\/users\/1"}],"replies":[{"embeddable":true,"href":"https:\/\/textbar.de\/index.php?rest_route=%2Fwp%2Fv2%2Fcomments&post=2"}],"version-history":[{"count":25,"href":"https:\/\/textbar.de\/index.php?rest_route=\/wp\/v2\/pages\/2\/revisions"}],"predecessor-version":[{"id":466,"href":"https:\/\/textbar.de\/index.php?rest_route=\/wp\/v2\/pages\/2\/revisions\/466"}],"wp:attachment":[{"href":"https:\/\/textbar.de\/index.php?rest_route=%2Fwp%2Fv2%2Fmedia&parent=2"}],"curies":[{"name":"wp","href":"https:\/\/api.w.org\/{rel}","templated":true}]}}