{"id":180,"date":"2015-08-07T09:10:12","date_gmt":"2015-08-07T09:10:12","guid":{"rendered":"http:\/\/textbar.de\/?page_id=180"},"modified":"2015-08-07T20:36:47","modified_gmt":"2015-08-07T18:36:47","slug":"schutzgeld","status":"publish","type":"page","link":"https:\/\/textbar.de\/?page_id=180","title":{"rendered":"Schutzgeld"},"content":{"rendered":"<p><img loading=\"lazy\" decoding=\"async\" class=\"aligncenter wp-image-181 size-thumbnail\" src=\"https:\/\/textbar.de\/wp-content\/uploads\/2015\/08\/Handwaffe-19-150x150.png\" alt=\"Handwaffe-19\" width=\"150\" height=\"150\" srcset=\"https:\/\/textbar.de\/wp-content\/uploads\/2015\/08\/Handwaffe-19-150x150.png 150w, https:\/\/textbar.de\/wp-content\/uploads\/2015\/08\/Handwaffe-19-300x300.png 300w, https:\/\/textbar.de\/wp-content\/uploads\/2015\/08\/Handwaffe-19.png 1000w\" sizes=\"auto, (max-width: 150px) 100vw, 150px\" \/><\/p>\n<p>Wir verlangen kein Schutzgeld und schie\u00dfen nicht aus der H\u00fcfte. Die meisten guten Geschichten beginnen mit einem vollkommen ungef\u00e4hrlichen Gedankenaustausch. &gt; <a href=\"https:\/\/textbar.de\/?page_id=125\">Sprechen Sie uns an<\/a>.<\/p>\n","protected":false},"excerpt":{"rendered":"<p>Wir verlangen kein Schutzgeld und schie\u00dfen nicht aus der H\u00fcfte. Die meisten guten Geschichten beginnen mit einem vollkommen ungef\u00e4hrlichen Gedankenaustausch. &gt; Sprechen Sie uns an.<\/p>\n","protected":false},"author":1,"featured_media":0,"parent":0,"menu_order":0,"comment_status":"closed","ping_status":"closed","template":"","meta":{"footnotes":""},"class_list":["post-180","page","type-page","status-publish","hentry"],"_links":{"self":[{"href":"https:\/\/textbar.de\/index.php?rest_route=\/wp\/v2\/pages\/180","targetHints":{"allow":["GET"]}}],"collection":[{"href":"https:\/\/textbar.de\/index.php?rest_route=\/wp\/v2\/pages"}],"about":[{"href":"https:\/\/textbar.de\/index.php?rest_route=\/wp\/v2\/types\/page"}],"author":[{"embeddable":true,"href":"https:\/\/textbar.de\/index.php?rest_route=\/wp\/v2\/users\/1"}],"replies":[{"embeddable":true,"href":"https:\/\/textbar.de\/index.php?rest_route=%2Fwp%2Fv2%2Fcomments&post=180"}],"version-history":[{"count":4,"href":"https:\/\/textbar.de\/index.php?rest_route=\/wp\/v2\/pages\/180\/revisions"}],"predecessor-version":[{"id":326,"href":"https:\/\/textbar.de\/index.php?rest_route=\/wp\/v2\/pages\/180\/revisions\/326"}],"wp:attachment":[{"href":"https:\/\/textbar.de\/index.php?rest_route=%2Fwp%2Fv2%2Fmedia&parent=180"}],"curies":[{"name":"wp","href":"https:\/\/api.w.org\/{rel}","templated":true}]}}