{"id":18,"date":"2015-08-06T15:20:59","date_gmt":"2015-08-06T15:20:59","guid":{"rendered":"http:\/\/textbar.de\/?page_id=18"},"modified":"2015-08-12T15:41:50","modified_gmt":"2015-08-12T13:41:50","slug":"impressum","status":"publish","type":"page","link":"https:\/\/textbar.de\/?page_id=18","title":{"rendered":"Impressum"},"content":{"rendered":"<p>textbar\u00ae\u00a0 ist eine eingetragene Marke,\u00a0 die von den Journalisten Silva Schleider und J\u00fcrgen Baltes genutzt wird.<\/p>\n<p><strong>Angaben gem. \u00a7 5 TMG<\/strong><br \/>\nBetreiber und Kontakt:<br \/>\nSilva Schleider<br \/>\nAskaniaweg 6, 88662 \u00dcberlingen<br \/>\nTel. 07551 \/ 9 47 13-07, E-Mail: info@textbar.de<br \/>\nUSt-IdNr. DE201395856<\/p>\n<p><strong>Verantwortlich f\u00fcr journalistisch-redaktionelle Inhalte gem. \u00a7 55 II RstV<\/strong><br \/>\nSilva Schleider.<\/p>\n<p><strong>Copyright<\/strong> textbar und Lizenzgeber. Alle Rechte vorbehalten.<\/p>\n<p>Diese Site enth\u00e4lt Links zu anderen Websites. F\u00fcr deren Inhalt \u00fcbernehmen wir keinerlei Haftung.<\/p>\n","protected":false},"excerpt":{"rendered":"<p>textbar\u00ae\u00a0 ist eine eingetragene Marke,\u00a0 die von den Journalisten Silva Schleider und J\u00fcrgen Baltes genutzt wird. Angaben gem. \u00a7 5 TMG Betreiber und Kontakt: Silva Schleider Askaniaweg 6, 88662 \u00dcberlingen Tel. 07551 \/ 9 47 13-07, E-Mail: info@textbar.de USt-IdNr. DE201395856 Verantwortlich f\u00fcr journalistisch-redaktionelle Inhalte gem. \u00a7 55 II RstV Silva Schleider. Copyright textbar und Lizenzgeber. &hellip; <a href=\"https:\/\/textbar.de\/?page_id=18\" class=\"more-link\"><span class=\"screen-reader-text\">Impressum<\/span> weiterlesen<\/a><\/p>\n","protected":false},"author":1,"featured_media":0,"parent":0,"menu_order":7,"comment_status":"closed","ping_status":"closed","template":"","meta":{"footnotes":""},"class_list":["post-18","page","type-page","status-publish","hentry"],"_links":{"self":[{"href":"https:\/\/textbar.de\/index.php?rest_route=\/wp\/v2\/pages\/18","targetHints":{"allow":["GET"]}}],"collection":[{"href":"https:\/\/textbar.de\/index.php?rest_route=\/wp\/v2\/pages"}],"about":[{"href":"https:\/\/textbar.de\/index.php?rest_route=\/wp\/v2\/types\/page"}],"author":[{"embeddable":true,"href":"https:\/\/textbar.de\/index.php?rest_route=\/wp\/v2\/users\/1"}],"replies":[{"embeddable":true,"href":"https:\/\/textbar.de\/index.php?rest_route=%2Fwp%2Fv2%2Fcomments&post=18"}],"version-history":[{"count":8,"href":"https:\/\/textbar.de\/index.php?rest_route=\/wp\/v2\/pages\/18\/revisions"}],"predecessor-version":[{"id":394,"href":"https:\/\/textbar.de\/index.php?rest_route=\/wp\/v2\/pages\/18\/revisions\/394"}],"wp:attachment":[{"href":"https:\/\/textbar.de\/index.php?rest_route=%2Fwp%2Fv2%2Fmedia&parent=18"}],"curies":[{"name":"wp","href":"https:\/\/api.w.org\/{rel}","templated":true}]}}